) + (7 - (1 + 4)).
-8
Calculate (4 - -12 - 80) + 31 - -18.
-15
What is the value of 23 + -19 + 5 + 17 + -44?
-18
Calculate 57 + -47 - -16 - 16.
10
Evaluate 8 + (35 - (-75 + 23)).
95
-65 + 14 - (55 - 87)
-19
Calculate 1 + -7 - (-38 - -75 - -4).
-47
What is the value of -11 + (0 - 2 - -6) - (-538 + 525)?
6
-90 - (-76 + 10 + 46)
-70
What is (130 - 8) + (59 + -34 - 35)?
112
Calculate (-196 - -103 - (-19 + 1)) + 0.
-75
Calculate 1145 + -1122 - (0 + 53).
-30
Calculate 1 + -9 - (-99 + 108).
-17
Evaluate -22 + 24 + -41 - -19.
-20
Calculate (96 - 75) + (0 - (-2 - 72)) + (1 - 11).
85
What is the value of (-1 - -106) + (-308 - -52 - -227)?
76
3 - (-9 + -5) - (-11 - (-16 - 77))
-65
Calculate 0 + -8 + 12 - (7 + -4 + -9).
10
2 - 61 - (65 + -25 + -77)
-22
Calculate 0 - 60 - -27 - (4 - 12).
-25
What is the value of (-218 - -161) + (-2 - -11)?
-48
Calculate (8 - -10 - 5) + (-23 - 1).
-11
0 - -15 - (-7 - -45 - -3)
-26
What is 2 + 4 - (20 + 53 + -38) - (-8 - 2)?
-19
Evaluate (1 - 5 - 12) + 6 - (24 + -24).
-10
Calculate (-1 - ((-20 - -16) + 76)) + (-3 - -1) + 9.
-66
What is -17 + -22 + 18 + -15 + -1 + 6?
-31
What is -1 - 7 - (-181 + 167) - (53 + 6 + -6)?
-47
Evaluate 70 - (-50 + 72 - -17).
31
Evaluate (7 - ((-38 - -32) + 9)) + 63.
67
Evaluate (-2 + 8 - 18) + -1860 + 1824.
-48
Calculate 58 + (-29 - -7 - -35) + 39.
110
Evaluate 99 + 88 + -11 + -132.
44
What is (82 - (85 - 24)) + 19 + -1?
39
Calculate 15 - (44 - ((-5 - -10) + -12 - -5)).
-31
(46 - (-25 - -49) - -4) + 0
26
14 + -27 + (24 - -58)
69
What is 29 - 12 - 17 - (4 - 5) - (-17 - 24)?
42
82 + -69 + 60 - 37
36
56 + -135 + 49 + 18
-12
What is the value of -32 + 3 + (-290 - -279)?
-40
Evaluate -11 + -88 + (-1731 - -1771).
-59
-137 - (-2 + (-31 - -12) + 9 + 2)
-127
Evaluate 14 + -53 + 76 + 6 + 0.
43
2 + 64 + (329 - 305)
90
Calculate 18 + 60 + 23 + -56.
45
Evaluate -100 - ((-41 - 1) + (1515 - 1504)).
-69
Evaluate -87 + 1 - (-6 - (149 + -133)).
-64
Evaluate (-98 - 3) + 1906 + -1904.
-99
-54 + -14 + (15 - 13) + 18 + (0 - 5)
-53
What is the value of -84 - (-6 + -53 + -14)?
-11
What is (55 - 54) + -4 + 5 - -11?
13
What is the value of 26 - (12 + -6 + -9 + 14 + -5)?
20
What is -83 - (25 - (32 - 15 - 9) - 16)?
-84
(11 - 0) + 2 - (474 - 461)
0
Calculate 68 - -28 - 23 - 19.
54
What is the value of 42 - 57 - (-20 + 3 + -86)?
88
What is the value of 74 + (-18 - -2 - 3) + -5?
50
Calculate 4 - (33 + (48 - 79) + -17 + 0).
19
Evaluate 441 - 355 - (3 + 54).
29
What is the value of 23 - (-19 + 49 + -24)?
17
What is (-38 - 3 - (2 - 16) - -16) + -13?
-24
Calculate 495 + -489 - (-16 + (-3 - (-3 + -1) - 2)).
23
-48 - (0 + 12 - (-1 + -23 - (-55 - -24)))
-53
What is the value of 1 + 15 - (436 + -451)?
31
What is the value of (-117 - -85) + (-3 - -79) + (16 - -1)?
61
Calculate -774 + 732 + -2 + 6 + -3.
-41
What is the value of 78 + 53 + -28 - 38?
65
What is the value of -2 + -120 + 3 + -853 + 872 + (2 - 6)?
-104
What is 6 + -20 + -5 + 27 - (-74 + 1 + -5)?
86
Evaluate -3285 - -3310 - (1 + (1 - -28)).
-5
What is the value of -1 + 13 + -41 + (-21 - -22)?
-28
Evaluate (-1 - -109) + (-2 - 17) + 100 + -100.
89
Calculate 0 + 93 + (121 - 375) + 227.
66
What is the value of (-3 - (13 + -18 + 10)) + (-28 - -1)?
-35
What is (59 - (-87 - -153)) + 33?
26
Calculate 18 - (-64 - -57 - -14).
11
Evaluate (-10 - 59) + 58 - -28.
17
What is the value of -16 + (7 + (26 + -18 - 29) - -48)?
18
Evaluate 7 - (40 + 13 - 23).
-23
Evaluate (2 - 2 - (-96 - -114)) + 9.
-9
70 - -17 - 16 - (16 - -7)
48
(1 + -3 - 13) + (-49 - -81 - 42)
-25
-13 - (-37 - (7 - (1 - (-4 - 5))))
21
What is 2 + (3 - -26) + 2 + (-1 - -2)?
34
What is 22 + 9 - (-7 - (-13 - -20))?
45
What is the value of 3 + -6 - -27 - (-86 + 90)?
20
What is (-14 - 11) + -18 + 3 + -6?
-46
What is the value of -5932 + 5847 - (-11 - -1)?
-75
Calculate 19 + (9 - 28) + (5 - 25).
-20
Calculate (80 + (-34 - -7) - 68) + (-1 - 20).
-36
What is the value of (-2 - -6 - 74 - -9) + 12 + -12?
-61
(0 - -70) + (-5801 - -5729)
-2
What is the value of -12 + (0 - 3) + 8 - -30 - -8?
31
Calculate (0 - -129 - 1) + -15 + -33 + (40 - -10).
130
Calculate -1270 - -1332 - (92 + 4).
-34
What is the value of 12 + (-12 - (13 + -22 + -3)) - (0 + 82)?
-70
Evaluate (-12 - (-21 - (-71 - 21))) + 24.
-59
-11 - (-1 + 0) - (-6 - ((-14 - -9) + 5))
-4
(-57 - -9) + (-1 - 4 - -6) - (5 - 11)
-41
Evaluate (-47 - (-27 + 108)) + 44.
-84
What is the value of 29 - (-94 - -36 - -44)?
43
(3 - -1) + -26 + (0 + -2 - (-51 + 42))
-15
What is the value of (49 - (41 + -28)) + -18?
18
Calculate 24 + (-57 - -61) - 71.
-43
Evaluate -2 - 5 - -51 - ((-25 - -22) + 14).
33
What is the value of -11 + -38 + 29 + 57?
37
-972 + 974 + (-4 - -2) + 2 + 93
95
What is 11 - (-8 - -56) - (18 - 97)?
42
Calculate (52 - 60 - -17) + 27.
36
What is 12 + -21 + (-132 - 18) - -12 - -18?
-129
What is the value of -90 + (-1 + -1 - -45 - (-125 - -147))?
-69
What is the value of 45 + (25 + -48 - -21) + 4 + 1?
48
Evaluate (-21 + -1 - (-228 + 195)) + 14.
25
Evaluate (-7 + 23 - (-29 - -51)) + (-3 - -2 - 29).
-36
What is the value of 10 + -34 - -26 - (-9 - (0 - 5))?
6
What is 50 + (18 - 22) + (-23 - -13)?
36
What is the value of (1 - -5) + -268 + 380?
118
What is the value of 55 + (-42 - (-29 + 8))?
34
-4 + -35 - (-28 - -45)
-56
Calculate 62 + -105 - -41 - 44.
-46
What is the value of -4 - -22 - 72 - (-25 + -1)?
-28
What is the value of 42 - (2 - (2 - -17) - -28)?
31
Evaluate 5 - (-30 - -2 - (-5 - (5 - 6) - -6)).
35
Calculate (98 - (10 + 23 + -29)) + (7 + -15 - -1).
87
145 + -137 + 65 + -134
-61
Calculate 20 + -48 - -31 - -6.
9
What is -27 - 0 - (-233 + (49 - -93))?
64
What is the value of -943 + 961 + (1 - 40) + 2?
-19
What is -207 + 170 - (17 + -52)?
-2
What is the value of 10 - (-8 + -4 + 7) - (-935 + 995)?
-45
Calculate (80 + 80 - 61) + -77.
22
What is -10 - ((23 - (-25 + 13 + -4)) + (0 - -1))?
-50
Calculate 35 + -36 + -26 + 5 + 13.
-9
Calculate 2 + -104 + -9 + 6 + 11 + 6.
-88
Calculate 79 + -18 + (-5 - 149).
-93
Evaluate 21 + 19 + (22 - 38) + (-1 - -70).
93
What is 40 + -1 - (10093 + -10068)?
14
Calculate (-2 - -2) + -24 + 1484 + -1498.
-38
Evaluate -3 + 3 - 0 - 19 - ((9 - 7) + -4).
-17
Calculate -3 + -7 - (-32 - 28 - -4).
46
Evaluate 31 + (-30 - 1) + -19 + 3.
-16
Evaluate -12 - (-14 + 10 + -4) - 9 - 81.
-94
-42 + (-20 - (2 + (8 - 2 - 26)))
-44
What is the value of 60 - (59 + 64 + -51)?
-12
What is -5 + -1 + -30 + -28 + 52 + -7?
-19
Evaluate 88 + (-66 - 14) - -8.
16
What is (-35 - (-1 + (-16 - -3))) + 54?
33
Evaluate -110 + (107 - 90) - -11.
-82
Calculate 42 + (-10 - (-8 - 3)) - 6 - 2.
35
What is the value of -143 + (22 - (-10 + 50 + -26))?
-135
What is -2 + 12 + (41 - (7 + (4 - 14))) + 0?
54
What is the value of 40 - 4 - (63 - -14 - 75)?
34
Evaluate (-2 - -1) + (-1287 - -1260) - 18.
-46
Calculate 8 + -7 + 10 - (41 - (0 - -19)).
-11
-34 + (16 - ((38 - 30) + (3 - 2)))
-27
What is 3 - (-152 - -65) - -3?
93
What is (5 - -62) + 1186 + -1256?
-3
What is the value of 0 + -5 - ((28 - -3) + 0 + -19 + 27)?
-44
Calculate 1 + 33 - ((-8 + -22 - -26) + 28 - 25).
35
19 + 0 + (-141 - -209) + -55
32
Evaluate 6 + (23 + -12 - (16 - 20)).
21
-76 + (109 - (77 + -46))
2
Calculate -58 + -59 + 41 + 121.
45
Calculate 3 + (3 + -28 - (93 + -109)) - (55 - -7).
-68
-1054 + 1109 + 1 + -74
-18
Evaluate 5 - (-7 + (-5 - 10) + -5 + 15).
17
What is the value of 9 + (21 - (-18 - 24)) + -34?
38
Evaluate 11 + -4 + (-94 - (-17 - -4)) + -9.
-83
Calculate (8 - 16) + (-1 - 9) - (0 + -7).
-11
Evaluate 219 + (-126 + 146 - 106).
133
Evaluate -13 + (7 - -73) + -50.
17
Calculate 37 + (-14 - -6 - -2) - (-11 + 8 + -1).
35
-49 + 1 + -5 + 67
14
-13 + 6 + 5 + -8 - (-305 - -312)
-17
Evaluate -6 - (22 - 10 - -37) - (9 - 9).
-55
What is the value of -94 + (0 - 42) + 56?
-80
What is the value of 15 + (2 - -11) + -30 + 16 + 10?
24
What is 0 + (-27 - -5) - -4?
-18
Evaluate 5 - 3 - 89 - (-61 - (-6 + -76)).
-108
What is the value of (-39 - -123) + -105 - -109?
88
Calculate (-7 - -15) + 73 - ((-4 - 4) + 8).
81
Evaluate (38 - (-5 - -21)) + -67.
-45
Calculate (-17 - 2 - (-85 + 89)) + -30.
-53
What is 102 + 40 + -83 + 20 + 1?
80
Calculate -1 - -1 - 41 - (2 + (-5 + -2 - -10)).
-46
7 - (2 + 16 + 37 + -37) - 4
-15
What is (-2 + (6 - 5) + 33 - (-60 + 58)) + -3?
31
1 + 10 - (14 - (45 + -36)) - 0
6
What is -11 - -36 - (25 + 12 + -22)?
10
Calculate -11 - ((69 